?
2, 3, 67, 359, 953
What are the prime factors of 867823842?
2, 3, 271, 491, 1087
List the prime factors of 37438327.
67, 558781
What are the prime factors of 55195980?
2, 3, 5, 7, 113, 1163
List the prime factors of 385744813.
631, 611323
What are the prime factors of 307017454?
2, 107, 1434661
What are the prime factors of 59133668?
2, 11, 29, 383
List the prime factors of 7819312047.
3, 23, 113323363
What are the prime factors of 19926073?
23, 47, 18433
List the prime factors of 1695850023.
3, 7, 29, 2784647
List the prime factors of 825865566.
2, 3, 97, 14629
List the prime factors of 127287774.
2, 3, 29101
What are the prime factors of 159395263?
159395263
What are the prime factors of 4181994270?
2, 3, 5, 46466603
What are the prime factors of 72145311?
3, 7, 3435491
What are the prime factors of 1757803480?
2, 5, 2729, 16103
List the prime factors of 90625064.
2, 11328133
What are the prime factors of 37648386?
2, 3, 19, 110083
List the prime factors of 5313255291.
3, 601, 327433
List the prime factors of 43026777.
3, 61, 181, 433
List the prime factors of 338100015.
3, 5, 11, 109, 1709
What are the prime factors of 4889616679?
4889616679
What are the prime factors of 4742637810?
2, 3, 5, 79, 101, 19813
What are the prime factors of 2105463047?
131, 313, 51349
List the prime factors of 173916.
2, 3, 4831
List the prime factors of 78706138.
2, 7, 23, 244429
List the prime factors of 254788482.
2, 3, 13, 3266519
List the prime factors of 500378715.
3, 5, 1235503
What are the prime factors of 3126504286?
2, 43, 821, 44281
List the prime factors of 116531405.
5, 23306281
What are the prime factors of 460275907?
7, 13, 29, 174413
List the prime factors of 2440119223.
41, 59515103
What are the prime factors of 217297705?
5, 43, 1010687
List the prime factors of 25420456.
2, 829, 3833
List the prime factors of 28826000.
2, 5, 7, 29, 71
What are the prime factors of 44828993?
11, 401, 10163
What are the prime factors of 469708660?
2, 5, 23485433
List the prime factors of 106984208.
2, 167, 40039
What are the prime factors of 53460385?
5, 11, 47, 20681
List the prime factors of 869255113.
293, 2966741
What are the prime factors of 5776005352?
2, 13, 4969, 11177
List the prime factors of 17743593.
3, 7, 197, 4289
What are the prime factors of 1471586603?
281, 1949, 2687
List the prime factors of 421432679.
311, 1355089
List the prime factors of 3915964235.
5, 61, 277, 46351
What are the prime factors of 9005167578?
2, 3, 11, 61, 463, 4831
What are the prime factors of 1727087890?
2, 5, 11, 617, 25447
List the prime factors of 121482805.
5, 24296561
List the prime factors of 1326571727.
13, 17, 241, 24907
What are the prime factors of 1581700554?
2, 3, 7, 79, 52967
What are the prime factors of 6064459?
6064459
What are the prime factors of 87326512?
2, 7, 13, 37, 1621
What are the prime factors of 3883680764?
2, 79, 12290129
List the prime factors of 231425382.
2, 3, 1237, 31181
List the prime factors of 1561950340.
2, 5, 73, 641, 1669
List the prime factors of 57552572.
2, 7, 11, 186859
What are the prime factors of 716021329?
83, 8626763
What are the prime factors of 1659128434?
2, 571, 1452827
List the prime factors of 1053861574.
2, 227, 2321281
What are the prime factors of 3373285881?
3, 7, 22947523
List the prime factors of 923825309.
11, 211, 398029
What are the prime factors of 21355902?
2, 3, 1186439
What are the prime factors of 2532298?
2, 1266149
What are the prime factors of 938137943?
938137943
What are the prime factors of 53496029?
997, 53657
What are the prime factors of 259848808?
2, 17, 293, 6521
List the prime factors of 2283766227.
3, 253751803
What are the prime factors of 412899505?
5, 137, 602773
What are the prime factors of 400705897?
269, 1489613
What are the prime factors of 43552288?
2, 13, 104693
List the prime factors of 26726023.
17, 23, 29, 2357
What are the prime factors of 258909616?
2, 7, 541, 4273
What are the prime factors of 1400260779?
3, 1597, 97423
What are the prime factors of 791594370?
2, 3, 5, 7, 173, 269
What are the prime factors of 1128824577?
3, 1409, 89017
List the prime factors of 45368209.
29, 1564421
List the prime factors of 344683856.
2, 11, 1958431
What are the prime factors of 2567753566?
2, 7, 3743081
List the prime factors of 517644330.
2, 3, 5, 7, 397, 887
List the prime factors of 1278257086.
2, 347, 1841869
What are the prime factors of 3520471783?
2297, 1532639
List the prime factors of 130929588.
2, 3, 73, 16607
List the prime factors of 2457831353.
71, 34617343
List the prime factors of 4956750441.
3, 29, 293, 64817
List the prime factors of 111101985.
3, 5, 31, 73, 1091
What are the prime factors of 506300546?
2, 253150273
List the prime factors of 879354265.
5, 41, 89, 48197
List the prime factors of 471114374.
2, 127, 1854781
What are the prime factors of 288757729?
13, 22212133
List the prime factors of 4386313062.
2, 3, 257, 948187
List the prime factors of 5148796235.
5, 11, 37, 67, 3433
List the prime factors of 382722016.
2, 19, 43, 14639
What are the prime factors of 572396353?
23603, 24251
List the prime factors of 67975915.
5, 7, 1942169
What are the prime factors of 5521406?
2, 11, 113, 2221
List the prime factors of 249688437.
3, 23, 1291, 2803
List the prime factors of 44107357.
7, 6301051
List the prime factors of 288886094.
2, 7, 79, 269, 971
List the prime factors of 194805725.
5, 227, 34327
What are the prime factors of 681142357?
7, 97306051
What are the prime factors of 3361502484?
2, 3, 31, 1004033
What are the prime factors of 532623020?
2, 5, 26631151
What are the prime factors of 3839560407?
3, 23, 263, 23509
List the prime factors of 38368097.
127, 302111
List the prime factors of 914340264.
2, 3, 38097511
List the prime factors of 418719307.
418719307
List the prime factors of 108227419.
108227419
List the prime factors of 139392085.
5, 7, 3982631
What are the prime factors of 439473945?
3, 5, 401, 73063
List the prime factors of 25094584.
2, 17, 37, 4987
List the prime factors of 230424589.
230424589
What are the prime factors of 5232730329?
3, 41, 43, 36643
What are the prime factors of 582626191?
7, 53, 1570421
List the prime factors of 133667985.
3, 5, 11, 810109
What are the prime factors of 80319053?
73, 1100261
What are the prime factors of 8906161?
11, 29, 27919
List the prime factors of 374706020.
2, 5, 13, 89, 16193
What are the prime factors of 68754571?
727, 94573
List the prime factors of 2815519580.
2, 5, 4759, 29581
What are the prime factors of 287018202?
2, 3, 1229, 38923
List the prime factors of 575792242.
2, 311, 383, 2417
What are the prime factors of 448159187?
7, 64022741
What are the prime factors of 275969172?
2, 3, 22997431
List the prime factors of 103232546.
2, 727, 70999
What are the prime factors of 483338212?
2, 7, 103, 167593
What are the prime factors of 2685639936?
2, 3, 7, 607, 823
What are the prime factors of 4268761617?
3, 41, 34705379
What are the prime factors of 110368714?
2, 3793, 14549
List the prime factors of 537997415.
5, 29, 139, 26693
List the prime factors of 1027169316.
2, 3, 233, 40819
List the prime factors of 185428079.
53, 3498643
List the prime factors of 2059113525.
3, 5, 7, 17, 23, 1433
List the prime factors of 47203937.
11, 4291267
What are the prime factors of 597781119?
3, 13, 227, 67523
What are the prime factors of 159465638?
2, 7517, 10607
What are the prime factors of 944795221?
5417, 174413
List the prime factors of 581155915.
5, 31, 3749393
List the prime factors of 2375207.
2375207
What are the prime factors of 27528915?
3, 5, 983, 1867
What are the prime factors of 70924393?
5501, 12893
What are the prime factors of 1205538490?
2, 5, 13, 9273373
What are the prime factors of 3813662234?
2, 2341, 814537
List the prime factors of 48338365.
5, 9667673
List the prime factors of 551154152.
2, 23, 157, 19079
What are the prime factors of 3872742269?
11, 4139, 85061
What are the prime factors of 141200891?
13, 2819, 3853
What are the prime factors of 297147866?
2, 148573933
What are the prime factors of 38197812?
2, 3, 3183151
What are the prime factors of 250202886?
2, 3, 149, 239, 1171
What are the prime factors of 81859869?
3, 7, 13, 33317
What are the prime factors of 256095031?
331, 